6).
-30
Let d(z) = 99*z + 1. Let g(t) = -902*t - 11. Let x(h) = 18*d(h) + 2*g(h). What is x(1)?
-26
Let i = 3058 + -3038. Let o(b) be the third derivative of -1/24*b**4 + 0*b + 1/6*b**3 + 1/20*b**5 + 0 - i*b**2 + 1/120*b**6. What is o(-3)?
4
Let a(n) = -n**2 - 9*n - 11. Let y = -4686 - -4685. Give a(y).
-3
Let m be (-5)/(-8)*(-48)/(-6) + -1. Let p(j) = -1 - m*j**2 - 6*j - j**2 + 2 + 4*j**2. What is p(-6)?
1
Let u be -1*(4 - -504)/4. Let h = u + 132. Let j(k) be the second derivative of k**5/20 - 5*k**4/12 - k**3/3 + 5*k**2/2 - 3*k. What is j(h)?
-5
Let r(h) = 27*h - 218. Let s(z) = 40*z - 315. Let f(l) = 13*r(l) - 9*s(l). Give f(1).
-8
Let w(c) = c**3 - 16*c**2 - 3*c - 189. Let y be w(17). Suppose 0 = 79*b - y - 30. Let r(p) = -13*p**3 + 2*p**2 - 3*p + 1. Give r(b).
-13
Let f(b) = -b**3 - 26*b**2 + 27*b + 7. Suppose 42*m - 44*m + 78*m = -2052. What is f(m)?
7
Let s(c) = 2*c + 111. Let z(v) = -9*v - 477. Let l(b) = -26*s(b) - 6*z(b). Determine l(17).
10
Suppose -18 = -3*p - 3. Let s(h) = 3*h - 20. Let o(w) = -2*w + 12. Let q(f) = p*s(f) + 8*o(f). Determine q(-10).
6
Let t(h) = -2*h - 1. Suppose 0 = -l - l - 68. Let z = -33 + l. Let i = 61 + z. Give t(i).
11
Let o(i) = i**3 - 16*i**2 - i + 3. Suppose 3*q + 2*g = 46, 5*q - 5*g - 32 = 53. Calculate o(q).
-13
Let b(t) be the second derivative of 2*t**4/3 - t**3/3 + t**2/2 - 3267*t. Let g be (-72)/(-88) - 2/(-11). Determine b(g).
7
Let f(o) be the third derivative of -o**5/120 + 5*o**4/12 + 59*o**3/6 - 2*o**2 - 21. Let m(y) be the first derivative of f(y). Give m(14).
-4
Let u(b) = -b**3 + 3*b**2 + 3*b + 1. Let l(n) = -13*n + n**3 + 20930 - 20941 - 7*n**2 - 4*n. Let i = 22 + -13. Let d be l(i). Determine u(d).
15
Let l(d) = -d**3 - 3*d**2 - 2*d - 10. Let r be l(-3). Let y = 1 + 1. Let c(n) = 2 - n**2 - y*n - 3*n + 4*n. Determine c(r).
-10
Let u(x) = x**3 + 7*x**2 - 62*x - 29. Let q be -20 + 1 + (-2444)/(-329) + 3/(-7). Give u(q).
-5
Let h = 11 + -24. Let y = 8 + h. Let x(o) = 2. Let w(l) = l - 2. Let q(s) = 3*w(s) + 6*x(s). What is q(y)?
-9
Let z be (9/(-15))/(186/(-1240)). Let w(v) be the first derivative of -3 + 0*v + 5/2*v**2. Determine w(z).
20
Suppose 0 = -3*m - 2*m - 2*v + 16, -2*m + 6 = v. Let f(u) = -12*u + 48. Determine f(m).
0
Let y(f) be the third derivative of 5*f**4/24 + 17*f**3/2 - 362*f**2 + 8*f. Determine y(-10).
1
Let j(r) = -r**3 + 3*r**2 + 5*r - 11. Suppose -2*u = 3*u + 3*c - 17, 5*u - 25 = 5*c. What is j(u)?
-7
Let o = -37 - -43. Let g be o/4*(2 + 9 + 1). Let j be (0 - 0)*(g - 17). Let l(t) = t**2 + t - 3. Calculate l(j).
-3
Suppose 4*t - 4*q = 2*t, -3*t = q - 7. Let x(a) = -19897 + 5*a**2 + 3*a**3 + 19896 - t*a**3 - a. Determine x(-5).
4
Let j(d) = d**2 + 6*d - 5. Suppose 97*r - 189*r = -86*r - 108. Let w = -23 + 0. Let h = r + w. Calculate j(h).
-10
Let n(t) = 77*t**2 - 14*t + 67. Let o(j) = -90*j**2 + 14*j - 67. Let c(b) = 7*n(b) + 6*o(b). Determine c(-18).
-5
Let g(a) = -31*a**2 + 31*a + 158. Let f(j) = -19*j**2 + 19*j + 95. Let x(y) = -13*f(y) + 8*g(y). Give x(-5).
-1
Let g(n) = -n**3 - 787*n**2. Let b(f) = -2*f**3 - 2357*f**2 - 11*f + 8. Let j(p) = b(p) - 3*g(p). Suppose 4*s + 36 = -0*s - 3*z, s - 14 = 5*z. Determine j(s).
2
Suppose 4*o - 8 = t + 2*t, 0 = 2*o + 3*t + 14. Let m(z) = 5*z + 14. Let i(y) = y + 1. Let d(g) = o*m(g) + 6*i(g). Let c be (2/(-4))/((-2)/36). Determine d(c).
1
Let u(g) = -3*g**2 + 59*g - 30. Suppose -70*k - 2*q = -67*k - 63, 0 = 3*k + 4*q - 69. Determine u(k).
8
Let n be ((-10)/25)/((-2)/(-10)). Let w be -2 - ((-12)/2 + n). Suppose w*v - 9 = -39. Let r(f) = -f**3 - 5*f**2 - f - 3. What is r(v)?
2
Suppose 0 = 2*s - 4*a - 14, -5*s + 2*a - 3*a + 46 = 0. Suppose 3*d = 3 + s. Suppose 7 = 3*n + 4, -d*u - 3*n + 19 = 0. Let z(x) = x. What is z(u)?
4
Suppose -4*s - 5 = -5*s, o - 3*s = -10. Let l(n) = n + 2*n - 6*n**2 + o + 3*n. Let t(f) = -f**2 + f + 1. Let j(b) = -l(b) + 4*t(b). Calculate j(-1).
3
Let m(j) be the third derivative of 0 + 17/6*j**3 + 0*j + 0*j**4 - 1/40*j**5 - 6*j**2. Let z(i) be the first derivative of m(i). Give z(-2).
6
Let i(s) = -2*s - 68. Let h = -3512 + 3481. What is i(h)?
-6
Let x(n) = -2*n**2 + 24*n + 22. Suppose -15*b = s - 10*b + 12, 2*b + 23 = s. What is x(s)?
-4
Suppose 21*f - 1173 = -2*f. Let y(m) = 3*m - f*m + 49*m + 1. Calculate y(-9).
-8
Let h(l) = l**3 + 2*l**2 - 3*l - 4. Let i(a) = 3*a**2 - 7*a + 5. Let d be i(2). Let f be (5/d - 1)*270/(-60). Determine h(f).
-4
Let j = 3707 + -3718. Let m(o) = -15*o - 158. What is m(j)?
7
Let t(v) = 14*v**2 - 57*v**2 + 3*v + 44*v**2. Determine t(-4).
4
Let b(x) = x. Let n(g) = 1. Let k be 3 + -2 + 2 + -1. Suppose 2*s - 5*q = -2*s - 2, -k*s = 5*q + 16. Let a(u) = s*n(u) - 2*b(u). Determine a(3).
-9
Let x(f) = f**2 + 6*f + 4. Let v = 8357 - 8353. What is x(v)?
44
Let y(o) be the first derivative of o**2 - 10/3*o**3 + 2*o + 76. Give y(-2).
-42
Suppose -154*k + 246*k = -396*k - 2928. Let a(d) be the first derivative of d**2 + 3*d - 3. Calculate a(k).
-9
Let q(u) = -u**2 + 5*u + 10. Let k(v) = v**2 + 11*v + 34. Let c be k(-7). Let z(i) = i**2 - 7*i + 13. Let y be z(c). What is q(y)?
-4
Let n(g) = -2*g**2 + 7*g + 30. Let y be n(6). Let h(b) be the second derivative of y - 1/6*b**3 + 4*b - 5*b**2. Calculate h(-6).
-4
Let k(q) = -34*q + 460. Let u(j) = -2*j - 3. Let v(s) = -k(s) + 4*u(s). Calculate v(18).
-4
Let q(i) = -6*i + 80. Let t be q(13). Let l(b) = -6 + 8*b**2 - b**2 - 7*b - 8*b**t. Determine l(-4).
6
Let k = 14331 - 14334. Let o(u) = u**3 + 3*u**2 + 7*u + 7. Give o(k).
-14
Let p(k) be the first derivative of 14*k - 45 - 1/2*k**2. Calculate p(-10).
24
Let o(n) = -17*n**2 + 7*n - 1. Let p(a) = -8*a**2 - 2*a + 6. Let u(t) = -o(t) + 2*p(t). Calculate u(5).
-17
Let m = -6 + 3. Let x(j) = 2 + 5*j + 0 - 28 + 3*j**2 + 30. Calculate x(m).
16
Let t(a) be the second derivative of -a**5/20 + a**4/2 - 2*a**3/3 - 18*a. Let x = 41 - 37. Suppose 0 = -3*v + y + 10, 40 = x*v + 2*y + 10. What is t(v)?
5
Let f(u) = u**2 + 9*u - 16. Let b(v) = v**3 - 51*v**2 + 650*v - 12. Let d be b(25). Determine f(d).
20
Suppose -9*n = -18185 + 18068. Let o(j) = -6*j + 78. What is o(n)?
0
Let t(s) = -3*s**2 + 53*s**3 + 6 - 2 - 54*s**3. Give t(-4).
20
Let p(y) = 5*y**2 + 22*y + 131. Let t(o) = 26*o**2 + 107*o + 654. Let u(z) = -21*p(z) + 4*t(z). Determine u(-29).
10
Let i(h) = -h**2 + 1. Let x be (3/48)/(16/512). Let o(j) = -j + 1. Let u be o(0). Let g be u + (x - 6) + 5. Determine i(g).
-3
Let s(p) = 77*p + 87*p - 171*p + 13 - p**2 + 0*p**2. What is s(-9)?
-5
Let o(s) = s**3 + 26*s**2 - 78*s - 49. Let p(v) = 3*v**2 - 3*v + 2. Let x(c) = -o(c) + 2*p(c). Give x(-23).
-16
Let q(a) = 67*a - 19. Let f(m) = -31*m + 9. Let r(l) = 13*f(l) + 6*q(l). Let h(y) = -2*y**2 - 15*y - 3. Let k be h(-7). Determine r(k).
-1
Let s(f) = -231 + 344 - 156 + 5*f. What is s(8)?
-3
Let c(k) = -k**3 + k**2 - 3*k + 8. Let p be c(0). Let s(g) = -14*g + 124. Give s(p).
12
Let s(l) be the first derivative of -7*l**3/6 + 6*l**2 - 127*l - 237. Let q(b) be the first derivative of s(b). Calculate q(9).
-51
Let s(u) = 6 - 4 - 2 + u**2 - 10*u + 8. Let z be -12*(3 + 9 + 5). Let f = z + 213. What is s(f)?
-1
Let y(u) = -40 + 116 + 107*u - 106*u - 38 - 40. What is y(7)?
5
Let j(s) be the first derivative of -s**2/2 + 9*s - 231. Let x(q) = 2*q - 19. Let r(f) = -7*j(f) - 3*x(f). Give r(16).
10
Let q be 35 + ((-90)/9)/2. Suppose 222 = -q*r - 138. Let x(k) = k + 19. Determine x(r).
7
Suppose -1598*x + 1550*x - 48 = 0. Let b(c) = -8*c**3 + c**2 - 3. Let k(z) = -8*z**3 + z**2 - 4. Let p(f) = -4*b(f) + 3*k(f). What is p(x)?
-9
Let i(g) = -12*g - 6*g + 24*g - 9 - 7*g. Let s be 4/6 - (-26)/(-3). Give i(s).
-1
Let y(p) be the second derivative of p**4/6 + 5*p**3/6 + p**2 + p. Let r be (-176)/8 - (-12 - 7). What is y(r)?
5
Let j(s) = s**3 - 11*s**2 - 2. Let r be ((-4)/(-16)*-12)/(6/(-554)). Let g = 288 - r. Calculate j(g).
-2
Suppose 0 = -30*w + 24*w - 180. Let j be 26/6 + 40/w. Let a(t) = t**3 - 2*t**2 + t + 2. Let u(x) = -x**2 - 1. Let n(s) = a(s) + u(s). What is n(j)?
4
Let q(t) = -6*t**3 + 7*t + 6*t**3 + t**3 + 13 - 7*t**2 + 8*t**2. Let d be q(-2). Let a(k) = -k**2 - 6*k - 7. What is a(d)?
-2
Let p = -3085 - -3084. Let h(z) = -25*z - 23. Calculate h(p).
2
Suppose -6 = -3*y, 4*y - 49 + 20 = -3*b. Let x(s) = 27*s + 31*s - 50*s - s**2 - b. What is x(7)?
0
Let s(z) = z**